
6
Let l = 1 - -2. Let w(n) = -5*n + 3. Determine w(l).
-12
Let f(l) = -13*l**2 + 29*l**2 + l - 7*l**2 - 8*l**2 + 4. What is f(-3)?
10
Let y be (6 - -3)*(12/9 - 2). Let u(d) = -d**2 - 9*d - 8. Determine u(y).
10
Let p(j) = -j**3 + 4*j**2 + 3*j + 6. Let m(t) = 3*t - 73. Let k be m(26). Calculate p(k).
-4
Let s(h) = h**3 - 5*h**2 + h - 2. Suppose -r = 1 - 15. Let p = 19 - r. Calculate s(p).
3
Let q(s) = -s**3 + 2*s**2 + 9*s - 2. Let t(j) = -2*j**3 + 5*j**2 + 17*j - 5. Let x(m) = 5*q(m) - 3*t(m). Determine x(6).
5
Suppose 4 = 2*m - q, 5*m + 5 = -0*m - 5*q. Let t(u) be the third derivative of 7*u**6/120 + u**2. What is t(m)?
7
Let c(l) = -1 - 3 - 10*l**3 + 9*l**3. Determine c(0).
-4
Let f be -1 - (-3 - 1)*1. Let z(g) = -g - 5*g + 7*g + 2 - f*g. Suppose 5*h = 4 + 16. Determine z(h).
-6
Let h(j) = -j**2 - 5*j - 3. Let s be 3/(4*(-12)/(-32)). Let t be 6*(1 - s)*1. Calculate h(t).
-9
Let k = -1 + 1. Let r(y) be the first derivative of -y**3/3 - y**2/2 - y - 47. Determine r(k).
-1
Suppose 19 + 16 = 5*w. Suppose -5*i - 3*s - 21 = 0, 5*i - 6*i - 2*s = w. Let l(m) = -m**2 - m + 1. What is l(i)?
-5
Let m(b) = -b - 4. Let j be m(-3). Let q(t) = 2 + 4*t**3 - 3 - 3*t**3. Calculate q(j).
-2
Suppose 3*m - 18 = -6. Let k be 1 + 2 - (2 + -1). Let n(y) = 5 + y**3 - 2*y**2 - k*y - 2*y**2 - 1. Give n(m).
-4
Let t be (0 - 0)/(-8 + 7). Let p(i) = i**3 - i + i. Determine p(t).
0
Let a be 438/42 - 6/14. Let p = a - 6. Let j(l) = -l + 2. Give j(p).
-2
Let j(b) be the third derivative of -b**5/4 + 11*b**4/24 + 7*b**3/6 - 5*b**2. Let z(x) = 8*x**2 - 5*x - 3. Let f(n) = 4*j(n) + 9*z(n). What is f(1)?
12
Let a(k) be the third derivative of k**5/60 - k**4/6 - 4*k**3/3 + 31*k**2. Determine a(6).
4
Suppose -4*r + 7 = v, -3*v - 2*r = -6*v + 21. Let n = -13 + v. Let y(t) = -t**2 - 6*t - 6. Give y(n).
-6
Let k(v) be the first derivative of -2*v**4 - 2*v**3/3 + v + 1. Give k(-1).
7
Let r(p) be the first derivative of -p**2 + p - 10. Calculate r(-5).
11
Let q(k) = -k**3 + k**2 - 2*k + 1. Suppose -2*r = -0*r + 3*s + 1, -2*s - 7 = -5*r. Let a be 3 + r/(3/(-6)). Determine q(a).
-1
Let l(c) = c**2 - c. Let h(k) = k**3 - 5*k**2 - 2*k - 1. Let r(x) = -h(x) - l(x). Calculate r(5).
-9
Let a(n) = n**2 - 7*n + 4. Suppose -3*m - 3*j - 3 = -0*m, 5*m = 3*j + 27. Suppose -3*t + 0*t + m = 0, 5*d = -3*t + 33. Calculate a(d).
-2
Let q(i) = -i**3 - 2*i**2 - i - 2. Let b(d) = 3*d**3 + 7*d**2 + 3*d + 5. Let j = 0 - -3. Let v(l) = j*b(l) + 8*q(l). Determine v(-4).
11
Let k(s) = 3*s - 7*s + 5*s. Determine k(-4).
-4
Suppose -w + 0*w + 1 = 0. Let o(k) = -2*k**2 - 1. Let f be o(w). Let q(r) = r**3 + 3*r**2. Determine q(f).
0
Let l(w) = -5*w**2 - 11*w + 2. Let b(n) = -n**2 - n - 1. Let r(s) = 4*b(s) - l(s). What is r(-8)?
2
Let t(m) = m**3 - 7*m**2 - m + 6. Let p be t(7). Let y(x) = 2*x + 4. Let k be y(-3). Let f = p - k. Let q(v) = 7*v. Calculate q(f).
7
Suppose 0 = -i + 2 - 7. Let t(s) be the third derivative of 0 - s**3 + 5/24*s**4 + 0*s + 1/60*s**5 + s**2. Calculate t(i).
-6
Let q(l) = 2*l - 3. Let n be q(2). Suppose 0 = -5*k - n - 24. Let r(g) be the first derivative of -g**2/2 + g - 2. Determine r(k).
6
Let l(x) be the third derivative of 1/60*x**5 + 0 - x**3 + 0*x + 0*x**4 + x**2. Suppose 15 - 15 = 3*p. Give l(p).
-6
Suppose -3*l = -33 + 24. Let w(j) be the second derivative of -j**3/6 - j**2/2 + j. Calculate w(l).
-4
Let a(w) = -2*w + 4*w - 3*w + 7. Suppose -4*g = -16, -4*u + 0*u = -2*g + 8. Calculate a(u).
7
Suppose -4 = -v - 3*v - n, 3*n = v + 12. Suppose 2*o - 3*o + 3 = v. Let q(f) be the second derivative of -f**4/12 + 5*f**3/6 - 2*f**2 - 7*f. Calculate q(o).
2
Let q(n) = -n - 2. Let b be (4/(-10))/(5/25). What is q(b)?
0
Suppose -5*j + 17 = 47. Let w(z) = -1. Let m(p) = p + 1. Let c(o) = -m(o) + 6*w(o). Give c(j).
-1
Let z(t) = -3*t**2 - 10*t - 3. Let u be ((-20)/(-8))/5*2. Let h(g) = -g. Let c(q) = u*z(q) - 6*h(q). Determine c(-2).
-7
Let k(a) be the second derivative of 0 - 2*a**2 - 2*a - 1/12*a**4 + a**3. Let l be (-17)/(-5) + 10/(-25). Give k(l).
5
Let s(g) = g**3 + g**2 + g. Let n be s(-1). Let i = -15 - -17. Let d(k) = -4 + i - 6*k + 3. Calculate d(n).
7
Let r(i) = -i**3 - 6*i**2 + 2*i + 4. Let s = 18 - 2. Let h = 10 - s. Calculate r(h).
-8
Let c(t) be the first derivative of t**2 - t + 13. Let f be (-12)/78 - 74/26. Determine c(f).
-7
Let h(k) = k - 5. Let y be h(8). Let f(o) = o**2 - 4. Give f(y).
5
Let d(c) = -c**2 + 6*c + 10. Let b(j) = 8*j**3 - 2*j**2 + j. Let y be b(1). Give d(y).
3
Let u(r) = -r + 16. Let m be u(6). Let x(g) = -2*g + 5. What is x(m)?
-15
Let d(a) = 194*a - 1 - a**2 - 2*a**3 + 0*a**2 - 193*a. What is d(1)?
-3
Let j = 1 - 1. Let p be 3 + 1 - 0 - j. Let y(o) = -5 + 9*o + 1 - 10*o. Give y(p).
-8
Let q(u) = -u**3 - 7*u**2 + 8*u + 3. Suppose -f - 14 = -5*n + 3*n, 2*f + 13 = -n. Determine q(f).
3
Let v(c) = c + 7. Let w(x) = 5*x + 0 - 3*x - 3*x + 1. Let m(y) = v(y) - 3*w(y). Calculate m(-3).
-8
Let w(s) = s**2 - 4*s. Let h be w(5). Let d(x) = 11*x**2 - 20*x - 5. Let n = -8 + 5. Let i(b) = 4*b**2 - 7*b - 2. Let v(z) = n*d(z) + 8*i(z). Calculate v(h).
-6
Let i(p) be the second derivative of p**4/12 + p**3 - 7*p**2/2 + 3*p. Give i(-6).
-7
Let p be 3/4 + 51/12. Let n(q) = p - 2 + 2 + q**2. What is n(0)?
5
Suppose 19 + 1 = 5*r - 5*t, 3*t = -3*r - 6. Let q be r - 0 - (-2 + 1). Let u(h) = 4*h - h**q + 2 + 0 + 2*h**3 + 5*h**2. Give u(-2).
-6
Let q(f) be the second derivative of f**3/6 - f**2/2 - f. Suppose -11 - 15 = -2*w - 4*z, 3*w = 2*z + 7. Determine q(w).
4
Suppose 3 = 2*y - 11. Let d(l) = -l**3 + 6*l**2 + 6*l + 6. Give d(y).
-1
Let a(k) = k**3 - 2*k**2 + 2*k - 13. Let s(d) = -d**3 + 3*d**2 - 3*d + 12. Let x(n) = -4*a(n) - 5*s(n). Give x(6).
-2
Let s = 12 - 18. Let a be ((-8)/6)/((-4)/s). Let r(v) = -4*v - 21. Let g(m) = m + 4. Let p(x) = 11*g(x) + 2*r(x). Give p(a).
-4
Let h(i) be the third derivative of -i**5/60 - i**4/8 - i**3/3 + 2*i**2. Give h(-3).
-2
Let a(j) = j - 10. Suppose 0 = 4*f - 2*f - 14. What is a(f)?
-3
Let c(s) be the first derivative of s**3/3 + s**2 - s - 12. Determine c(1).
2
Let i be (-18)/4 - (-2)/4. Let a(p) = p + 1. Let r(t) = -8*t - 8. Let s(y) = -6*a(y) - r(y). Give s(i).
-6
Let c be ((-4)/(-18))/(18/108). Let i(p) be the first derivative of 4*p - c*p**3 + 1/4*p**4 - 2 - p**2. Determine i(4).
-4
Let h(a) = -a**2 - a - 1. Suppose 2 + 3 = 5*x. Suppose 2*z + 1 = 15. Suppose 3*p = z - x. What is h(p)?
-7
Let c(p) = p**2 - 5*p - 6. Let i(v) = -6*v - 1. Let o be i(-1). Suppose o*k = 12 - 2. Let g = k - -4. Determine c(g).
0
Let i = -1 - -3. Let p(n) = -2*n**i - n**3 + 2*n - 4*n + n - 1 - 2*n. Let w be p(-2). Let f(s) = s**3 - 6*s**2 + 5*s + 1. Determine f(w).
1
Suppose 2*m = 3*q + 15, 0*m - 4*m - 4*q - 20 = 0. Let l(i) = i - 1. Give l(m).
-1
Let c(q) = -2*q - 1. Let k(l) = -l**3 - 2*l**2 - 7. Let r be k(-3). Determine c(r).
-5
Let u = -10 - -15. Let l(c) = c**3 - 4*c**2 - 6*c + 7. Let r be l(u). Let k(h) = -h**3 + 3*h + 1 - 2*h**r + 0*h**2 + 3*h**2. Determine k(3).
-8
Let b be 9/(-15) - 890/(-25). Let t(u) = -u**3 - b + 3*u - u**3 + 34. What is t(2)?
-11
Let p(t) be the first derivative of -7*t**3/6 + t**2/2 + 3*t - 1. Let q(c) be the first derivative of p(c). Calculate q(1).
-6
Suppose -36 = -4*p - 4*w, -4*p - 9 = -7*w + 2*w. Let a(y) be the first derivative of -y**4/4 + 2*y**3 - 5*y**2/2 - 3*y + 1. Calculate a(p).
9
Let p = 22 - 28. Let j(n) = -2*n - 9. What is j(p)?
3
Let d(s) = s + 4. Let i be d(0). Let u(l) = 3 - 2 - 2*l + 0. Give u(i).
-7
Let m(g) = g - 4. Suppose -7*o + 10 = -5*o. Give m(o).
1
Let m(o) = 4*o - 13*o**2 - o**3 + 3 + 13*o**2. Let d be m(-2). Let k(l) = l**2 - 2*l + 3. Determine k(d).
6
Let g(p) be the first derivative of p**4/4 + 3*p**3 + 3*p**2 - 10*p + 12. Give g(-8).
6
Suppose 0 = 3*i - 0*i - 4*m - 11, -m = i + 8. Let t(p) = 3 + 5*p + 1 - 4*p. Determine t(i).
1
Let c(o) = -o - 5. Suppose -70 = 5*l + d, -2*l - 4*d = 3*l + 55. Let g = l + 9. Determine c(g).
1
Let o = -4 - -6. Let k(y) = 3 + 2*y**2 - 5*y**o + 2*y**2. Give k(-3).
-6
Let l(o) = o. Let a(d) = -6*d - 3. Let t(s) = a(s) + 5*l(s). Let k(g) = g + 4. Let r(i) = 5*k(i) + 6*t(i). Let c(x) = -2*x - 1. Let n be c(-2). What is r(n)?
-1
Let u(n) = n**2 + 8*n + 9. Suppose 0*w = 2*w - 6, -w + 43 = -5*i. What is u(i)?
9
Let x(a) = 5*a - 3. Let l be (-8)/3*(-9)/(-6). Let b = 6 + l. 